ist the prime factors of 2361378.
2, 3, 103, 3821
What are the prime factors of 512986?
2, 256493
What are the prime factors of 2237?
2237
What are the prime factors of 1053531?
3, 19, 61, 101
List the prime factors of 221073.
3, 59, 1249
What are the prime factors of 2130318?
2, 3, 19, 6229
List the prime factors of 4605883.
751, 6133
What are the prime factors of 494126?
2, 107, 2309
What are the prime factors of 973561?
973561
What are the prime factors of 3376235?
5, 675247
What are the prime factors of 398924?
2, 19, 29, 181
What are the prime factors of 138721?
11, 12611
List the prime factors of 2296852.
2, 31, 18523
What are the prime factors of 541685?
5, 131, 827
List the prime factors of 398214.
2, 3, 22123
List the prime factors of 5538349.
1277, 4337
List the prime factors of 19497989.
7, 977, 2851
What are the prime factors of 4944170?
2, 5, 7, 11, 6421
List the prime factors of 573021.
3, 19, 1117
List the prime factors of 719731.
719731
What are the prime factors of 2003810?
2, 5, 200381
List the prime factors of 4835782.
2, 7, 345413
List the prime factors of 622633.
11, 23, 107
What are the prime factors of 2018763?
3, 24923
List the prime factors of 2348754.
2, 3, 17, 23027
List the prime factors of 149859.
3, 16651
What are the prime factors of 3802391?
3802391
What are the prime factors of 569356?
2, 37, 3847
List the prime factors of 448907.
448907
What are the prime factors of 466748?
2, 116687
List the prime factors of 342874.
2, 7, 19, 1289
List the prime factors of 245327.
17, 14431
List the prime factors of 686783.
17, 71, 569
What are the prime factors of 756587?
13, 58199
What are the prime factors of 7779911?
19, 23, 937
What are the prime factors of 281177?
13, 43, 503
List the prime factors of 29822.
2, 13, 31, 37
List the prime factors of 923506.
2, 557, 829
What are the prime factors of 36632868?
2, 3, 3052739
List the prime factors of 14855756.
2, 17, 71, 181
List the prime factors of 804791.
13, 31, 1997
List the prime factors of 8736319.
2801, 3119
What are the prime factors of 1788133?
41, 43613
List the prime factors of 9816095.
5, 1963219
List the prime factors of 4094894.
2, 113, 18119
List the prime factors of 37196.
2, 17, 547
What are the prime factors of 209176?
2, 11, 2377
What are the prime factors of 242436?
2, 3, 89, 227
What are the prime factors of 180420?
2, 3, 5, 31, 97
What are the prime factors of 773617?
13, 59509
What are the prime factors of 363408?
2, 3, 67, 113
List the prime factors of 523912.
2, 43, 1523
List the prime factors of 2682974.
2, 7, 17, 11273
What are the prime factors of 156941?
156941
What are the prime factors of 230642?
2, 115321
What are the prime factors of 7206010?
2, 5, 7, 113, 911
List the prime factors of 3232501.
3232501
What are the prime factors of 1393321?
83, 16787
What are the prime factors of 2123474?
2, 1061737
What are the prime factors of 1563246?
2, 3, 28949
List the prime factors of 8557955.
5, 7, 23, 10631
What are the prime factors of 2718278?
2, 23, 59093
What are the prime factors of 769729?
769729
What are the prime factors of 11030648?
2, 1378831
What are the prime factors of 625228?
2, 156307
What are the prime factors of 11538777?
3, 3846259
What are the prime factors of 11617916?
2, 421, 6899
List the prime factors of 758898.
2, 3, 7, 19, 317
What are the prime factors of 3552045?
3, 5, 7, 33829
List the prime factors of 149612.
2, 113, 331
List the prime factors of 722111.
13, 55547
List the prime factors of 6701443.
7, 957349
List the prime factors of 2797018.
2, 7, 28541
What are the prime factors of 6656790?
2, 3, 5, 7, 31699
List the prime factors of 869271.
3, 13, 31, 719
List the prime factors of 13807.
13807
List the prime factors of 2557631.
2557631
What are the prime factors of 11153216?
2, 229, 761
List the prime factors of 818483.
41, 19963
List the prime factors of 9906400.
2, 5, 7, 29, 61
What are the prime factors of 44787?
3, 14929
List the prime factors of 2147719.
7, 53, 827
List the prime factors of 707638.
2, 353819
What are the prime factors of 37705?
5, 7541
List the prime factors of 67109.
7, 9587
What are the prime factors of 6905234?
2, 7, 493231
What are the prime factors of 816756?
2, 3, 29, 2347
List the prime factors of 235798.
2, 117899
What are the prime factors of 17389497?
3, 1361, 4259
List the prime factors of 11455500.
2, 3, 5, 7, 1091
List the prime factors of 77433.
3, 53, 487
What are the prime factors of 23827?
23827
List the prime factors of 397903.
11, 61, 593
List the prime factors of 669778.
2, 334889
List the prime factors of 26681755.
5, 17, 89, 3527
What are the prime factors of 1086696?
2, 3, 13, 43
List the prime factors of 3126703.
883, 3541
List the prime factors of 909960.
2, 3, 5, 7583
What are the prime factors of 8081403?
3, 11, 19, 12889
List the prime factors of 39755.
5, 7951
What are the prime factors of 1498219?
47, 127, 251
What are the prime factors of 13178326?
2, 7, 941309
What are the prime factors of 6277041?
3, 83, 2801
What are the prime factors of 98039?
17, 73, 79
List the prime factors of 3095858.
2, 1547929
What are the prime factors of 3518857?
19, 167, 1109
What are the prime factors of 74231?
74231
List the prime factors of 389009.
71, 5479
List the prime factors of 2153367.
3, 239263
List the prime factors of 12566647.
12566647
List the prime factors of 187175.
5, 7487
What are the prime factors of 85919?
151, 569
What are the prime factors of 786818?
2, 197, 1997
What are the prime factors of 1024692?
2, 3, 17, 5023
List the prime factors of 17253569.
3499, 4931
What are the prime factors of 39028?
2, 11, 887
List the prime factors of 896926.
2, 277, 1619
List the prime factors of 2713742.
2, 1356871
What are the prime factors of 5444508?
2, 3, 453709
List the prime factors of 185266.
2, 17, 5449
What are the prime factors of 31072?
2, 971
What are the prime factors of 591587?
233, 2539
What are the prime factors of 2061926?
2, 139, 7417
What are the prime factors of 381635?
5, 127, 601
What are the prime factors of 3154456?
2, 19, 20753
List the prime factors of 29253786.
2, 3, 281, 17351
List the prime factors of 292741.
83, 3527
List the prime factors of 2175523.
7, 310789
What are the prime factors of 108604?
2, 19, 1429
What are the prime factors of 60751?
79, 769
What are the prime factors of 302443?
302443
List the prime factors of 219398.
2, 163, 673
What are the prime factors of 405494?
2, 202747
What are the prime factors of 1633985?
5, 173, 1889
What are the prime factors of 1895887?
7, 270841
What are the prime factors of 285111?
3, 79, 401
What are the prime factors of 8418254?
2, 13, 19, 17041
List the prime factors of 3638137.
29, 125453
What are the prime factors of 1025049?
3, 17, 101, 199
List the prime factors of 55485.
3, 5, 137
What are the prime factors of 4023707?
31, 53, 79
What are the prime factors of 214518?
2, 3, 35753
List the prime factors of 639260.
2, 5, 31963
What are the prime factors of 7515629?
11, 47, 14537
What are the prime factors of 2030147?
7, 290021
List the prime factors of 260578.
2, 113, 1153
What are the prime factors of 22264112?
2, 13, 29, 3691
What are the prime factors of 2982385?
5, 7, 37, 47
What are the prime factors of 152862?
2, 3, 73, 349
List the prime factors of 2558247.
3, 852749
What are the prime factors of 741985?
5, 31, 4787
What are the prime factors of 119800?
2, 5, 599
What are the prime factors of 2964010?
2, 5, 7, 23, 263
What are the prime factors of 373524?
2, 3, 17, 1831
List the prime factors of 3059088.
2, 3, 101, 631
List the prime factors of 2306502.
2, 3, 11, 353
What are the prime factors of 8479020?
2, 3, 5, 11, 29, 443
List the prime factors of 534549.
3, 178183
What are the prime factors of 1822422?
2, 3, 7, 43391
List the prime factors of 2434427.
1201, 2027
List the prime factors of 105046.
2, 53, 991
List the prime factors of 33635181.
3, 233, 48119
List the prime factors of 642788.
2, 160697
List the prime factors of 5158551.
3, 1719517
List the prime factors of 40920926.
2, 47, 229, 1901
What are the prime factors of 93770?
2, 5, 9377
What are the prime factors of 643386?
2, 3, 157, 683
List the prime factors of 19361234.
2, 109, 88813
What are the prime factors of 704288?
2,